 l(j) = -8*j**2 + j - 2. Let s(y) = 23*y**2 - 4*y + 7. Let b(a) = 7*l(a) + 2*s(a). Calculate b(g).
-11
Let f = 0 + 6. Let s(v) = -v**2 + 8*v - 6. Give s(f).
6
Suppose -4*d + 9 = -d. Suppose 0 = -4*r - 5*u - 8, -d*u + 1 - 10 = r. Let s(c) be the first derivative of c**2/2 - 3*c + 2. Determine s(r).
0
Let y = -1 + 1. Let t be -3 - 5/((-5)/3). Let n(h) = -17 + t*h**2 + 28 + h**2. Calculate n(y).
11
Let f(b) = 1 + 2 - 4 + 6*b. Suppose h - 2 = -5*g + 2, -5*g + 9 = -4*h. Determine f(h).
-7
Let j(h) = h - 5. Suppose 11*b + 36 = -30. Give j(b).
-11
Let o(t) be the third derivative of t**8/6720 + t**7/840 - t**6/180 + t**5/24 + 5*t**4/24 - t**2. Let b(z) be the second derivative of o(z). What is b(-4)?
5
Let q = -13 - -18. Let x = -3 + q. Let z(v) = 2*v + 1. What is z(x)?
5
Let w(a) = -a**2 + 13*a - 10. Let x be w(12). Let i(s) be the third derivative of x*s**2 + 0 - 1/3*s**4 + 1/6*s**3 + 0*s. Determine i(1).
-7
Let h(k) = k + 6. Suppose -8 = a - 3. Give h(a).
1
Let h(g) = -g**3 - g**2 - g - 3. Let c(u) = -5*u**3 - 10*u**2 - 8*u - 20. Let s(i) = c(i) - 6*h(i). Let m be 13/3 - 4/(-6). Calculate s(m).
13
Suppose -i - 11 = f, -2*i + 4*f + f = 1. Let s(x) = x**2 + 6*x - 11. Calculate s(i).
5
Let a(g) = 4*g**3 - 10 - 3*g**3 + 6*g - 6*g**2 + 7. Calculate a(5).
2
Let d(n) be the third derivative of n**6/120 + n**5/60 - 5*n**4/24 - 2*n**3/3 - 5*n**2. Determine d(-3).
-7
Let m(s) = s. Let p(u) = -5*u + 6. Let j(b) = -6*m(b) - p(b). What is j(-3)?
-3
Let s(h) = -h**2 + h - 2. Let n(x) = x**3 - 6*x**2 + 2*x + 3. Let w be n(6). Suppose w*f = 12*f + 6. What is s(f)?
-4
Let y(p) = 2*p - 1. Let b be y(2). Let u(k) = 3*k - 5*k**2 + 4*k**3 - b*k**3 + 2*k**2. Let x(a) = -a**3 - 7*a**2 - 7*a - 4. Let d be x(-6). Calculate u(d).
2
Let a(z) be the second derivative of z**4/12 + z**3/3 - z. Determine a(-3).
3
Let r(a) = a**2 - 7. Suppose 5*v + 12 + 13 = 0. Let w = -1 - v. Suppose -w*p + 2*p = 0. What is r(p)?
-7
Let n(w) = -9*w + 1. Let y(q) be the second derivative of q**3/3 - q. Let l be y(1). Suppose -l*j + 1 = -1. What is n(j)?
-8
Let a = -16 - -20. Let c(b) be the first derivative of -1/4*b**a - b**3 + 1/2*b**2 - 2*b - 1. Give c(-3).
-5
Suppose 0 + 2 = -2*j. Suppose f - 2 - 1 = 0. Let i(q) = -2 - 3*q**2 + 2*q**2 + f + q. What is i(j)?
-1
Let z(d) = 7*d**3 - 8*d**3 - 10*d + 3*d + 7*d**2. What is z(6)?
-6
Let w = -15 - -19. Let v(o) = 4 - o**2 - w - 9 + 7*o. Suppose a - d - 10 = 0, 5*a - 6*d - 46 = -2*d. Give v(a).
-3
Let u(k) = k**2 + 6*k - 6. Let v be ((-8)/36*-3)/((-2)/18). Give u(v).
-6
Let i = -9 + 41. Let x be (-2)/5 + i/(-20). Let f(j) = j**3 + 2*j**2 - 1. Determine f(x).
-1
Let l(w) = -w**2 - 4*w - 1. Let b be l(-5). Let t(u) = u**3 + 6*u**2 - u - 8. What is t(b)?
-2
Let k be ((-27)/18)/(3/(-4)). Let b(j) = -j + 10*j**2 - 1 - 5*j**k - 4*j**2. Determine b(-2).
5
Let o(j) = -j**3 - 7*j**2 - j. Let z(k) = -k**3 - 8*k**2 + 1. Let l be ((-32)/4)/(-2*1). Suppose b + 0 - l = 0. Let p(h) = b*o(h) - 3*z(h). Determine p(-3).
0
Let v = -26 + 25. Let y(t) = -t - 2. Determine y(v).
-1
Let q(i) = 43*i**3 + 2*i**2 + 4*i**3 + 1 - 4*i - 46*i**3. Determine q(-3).
4
Let u(v) = 5*v + 3. Let m = 0 - -6. Suppose -4*k - 3*l = 8, 2*k - 5*l = 2 - m. Calculate u(k).
-7
Let o(m) = 2*m - 7. Let z(y) = y - 17. Let v(w) = -w + 25. Let t(p) = -5*v(p) - 8*z(p). Let d(x) = 7*o(x) + 5*t(x). Calculate d(7).
-1
Let x(p) = p**3 - p**2 - 2*p - 1. Suppose -3*k - 3*u + 3 = 0, 2*k - 6*k + 4*u = -12. Let g be (k/(-4)*0)/2. Suppose -6*j + j - 5 = g. What is x(j)?
-1
Suppose 0 = 3*a + 3, -g + 2*g = 3*a + 5. Suppose z = -0 + 2. Let v(u) = 1 + 0 - g*u**z - u**2. What is v(1)?
-2
Let b(k) = -2*k**2 - 33*k + 5. Let q(w) = -w**2 - 18*w + 2. Let y(z) = -4*b(z) + 7*q(z). Suppose -3*v + 2*l = -7*v - 30, 0 = 3*l + 9. Calculate y(v).
-6
Let k(q) = -q**2 + 5*q - 1. Suppose 0 = w - 4*g - 8, -g + 3 = w - 0. Determine k(w).
3
Let j(o) = -11*o + 0 + 0*o - 1. Let c be ((-2)/(-4))/((-8)/16). Give j(c).
10
Let r = 0 + -3. Let o = 2 - 2. Let h(f) = -5*f + 2 + f + 2*f + o*f. Calculate h(r).
8
Let f(r) = -r**3 + 9*r**2 - 9*r - 4. Suppose -4*j = 2*k + 4, 2*j = 3*k + 3*j - 19. Give f(k).
-12
Let v(f) = f**3 - 7*f**2 + 4*f + 1. Let r be v(6). Let d = 8 + r. Let n(y) be the second derivative of -y**3/3 - 3*y**2/2 + y. What is n(d)?
3
Let d(p) = -p + 3. Let a be 20/(-8)*6/(-5). Give d(a).
0
Let o(p) = -p**3 - 3*p**2 + 3*p - 2. Let z be o(-4). Let u(j) = -2*j**2 + 3*j - 1. Calculate u(z).
-3
Let v be (2 - 0 - 2)/(-2). Suppose -5*z = -0*z. Let n(d) = d**2 - d + z*d + 2 + 2*d. What is n(v)?
2
Let w be (1 + -2 - -1)/3. Let y(n) = -n - 5. Determine y(w).
-5
Let a(t) = t**3 + 4*t**2 - 2*t + 4. Suppose f = -3*p - 17, 3 = -p - 1. Determine a(f).
-11
Let j = -49/564 - -8/47. Let z(u) be the third derivative of -1/6*u**3 - j*u**4 + 3*u**2 + 0 + 0*u. What is z(1)?
-3
Let r = 10 - 6. Let k(h) = 5*h**3 - 2*h**2 + 2*h + 6. Let s(z) = -4*z**3 + 2*z**2 - 2*z - 5. Suppose -11 = -4*w + 1. Let u(m) = r*s(m) + w*k(m). What is u(2)?
-6
Let c(d) = d**2 + d - 1. Let w(v) = 8*v**2 + v - 3. Let q(m) = -5*c(m) + w(m). Calculate q(2).
6
Suppose -3 + 7 = 4*l. Let w(d) = -3*d**2 - d. Give w(l).
-4
Let d(n) = n**3 + 3*n**2 - 5*n - 3. Let p be -1 - ((0 - 1) + -4). Suppose p*q = 16 - 4. Suppose 4*k - 5*s + q*s = -10, -5*s = 15. Determine d(k).
1
Let b(g) be the first derivative of -2*g**2 + 4*g - 16. Determine b(3).
-8
Let k(u) = 8 - 6*u - 9*u + 17*u. Give k(-9).
-10
Let a(m) = 0*m**3 - 1 - 2 - 3*m + 4 - m**3 + 3*m**2. Determine a(3).
-8
Suppose 0 = -3*d + 8 + 7. Let z(b) = -b**3 + 4*b**2 + 6*b - 3. Calculate z(d).
2
Let z(y) = y**3 - 4*y**2 - 7*y + 3. Suppose -2*h - 4 = -n, 5*n - 26 = 6*h - 2*h. Let x(d) = -d + 3. Let q be x(n). Let m = q + 8. Determine z(m).
-7
Let o(c) be the first derivative of -5*c**2/2 + 5*c + 2. Let m(z) = 21*z - 19. Let x(r) = -r + 1. Let s be x(3). Let b(k) = s*m(k) - 9*o(k). What is b(5)?
8
Suppose 0*r - 18 = -3*r. Suppose 0*o + 3 = o. Let p(l) = o*l**2 + l**3 - 9*l**2 + 4*l - 5*l. Determine p(r).
-6
Suppose 5 - 7 = -b. Let a(m) be the first derivative of 0*m + 1/2*m**b + 1. Give a(5).
5
Let x = 102 + -104. Let g(d) = 2*d**3 + 3*d**2 + 2*d + 1. What is g(x)?
-7
Let s(l) = l + 4. Suppose -5*q - 1 = -p, -4*p + 2*q - 50 = -0*q. Let z be 0 + 2 - (-6 - p). What is s(z)?
-2
Suppose 2*k - 48 = 2. Suppose 0 = -4*x + 3*v + 1, x + k = 6*x + v. Let d(i) = x + 0*i + 6*i - 5. What is d(2)?
11
Let p(z) = -2*z**2 - 5*z. Let c(m) = -m. Let a(j) = 4*c(j) - p(j). What is a(-2)?
6
Suppose -5*v - 3*s + 5*s = -45, -5*v = s - 30. Let k(x) = -x**2 + 10*x - 7. Calculate k(v).
14
Let a = 0 + 2. Suppose -4 - a = -h. Let x be (3/2)/(h/(-12)). Let d(q) = -q**3 - q**2 + 2*q - 2. Calculate d(x).
10
Let r(x) = 7*x - 5*x - x. What is r(5)?
5
Let p(w) = -w**3 - 5*w**2 - 1. Let n be p(-5). Let k(j) = 53*j + 48*j - 104*j. Give k(n).
3
Let q(t) = t**2 - 2*t - 3. Let s be q(-2). Let l(x) = -x + 0*x**2 + 2*x**3 - x**3 - s*x**2 + 2. Suppose -4*n - 32 + 52 = 0. What is l(n)?
-3
Let a(y) = -7*y**2 - 2*y + 3. Let z(s) = 8*s**2 + 3*s - 4. Let t(h) = -4*a(h) - 3*z(h). Determine t(1).
3
Let f = -207 + 208. Let o(m) = -9*m**2 - m + 1. Give o(f).
-9
Let u(m) be the third derivative of m**2 + 0*m**4 - 1/60*m**5 + 0 - 1/3*m**3 + 0*m. Determine u(3).
-11
Let b(l) = l + 4. Let h(p) = -2*p - 4. Let c(k) = -5*b(k) - 4*h(k). Calculate c(4).
8
Let u(y) = y**3 - y + 7. Let w(x) = x - 1. Let z be w(0). Let l be 0/7*z*1. What is u(l)?
7
Suppose 0 = -2*i + 4. Let d = 0 - i. Let o(s) = 4*s - 2. Let t(q) = -q + 1. Let h(f) = 2*o(f) + 7*t(f). Calculate h(d).
1
Let l(a) be the first derivative of -a**3/3 - 7*a**2/2 + 2*a + 1. Determine l(-6).
8
Let z(i) be the third derivative of -i**6/120 + i**5/10 + i**4/24 - 2*i**3/3 + 16*i**2. What is z(6)?
2
Let h be (4/3)/(6/108). Let v be 4/h + 31/(-6). Let m(s) = -s**2 - 4*s. What is m(v)?
-5
Let q(y) be the second derivative of y**5/20 + y**4/2 + 5*y**3/6 + 6*y. What is q(-5)?
0
Let c(g) be the first derivative of -g**4/4 + 5*g**3/3 - g**2 + 4*g - 1. Let j be ((-2)/(-4))/(2/20). Determine c(j).
-6
Let t be (1 + -1)*(-2 + 25/15). Let n(m) = m. Calculate n(t).
0
Let o(y) = -y**3 - 10*y**2 - y - 11. Let d be o(-10). Let f(h) = -7*h**3 + 4*h**2 + 4. Let w(z) = -z**3 + z**2 + 1. Let v(l) = 3*f(l) - 12*w(l). Give v(d).
9
Let q(m) = 0*m + 4*m + 4 - 6*m - 3*m